units digit of 204798?
8
What is the hundreds digit of 300369?
3
What is the hundred thousands digit of 332806?
3
What is the thousands digit of 242559?
2
What is the units digit of 300323?
3
What is the thousands digit of 650712?
0
What is the units digit of 20425338?
8
What is the tens digit of 26391286?
8
What is the thousands digit of 1259371?
9
What is the units digit of 277960?
0
What is the units digit of 1893772?
2
What is the ten thousands digit of 5551615?
5
What is the hundred thousands digit of 3343680?
3
What is the ten thousands digit of 59794?
5
What is the hundreds digit of 178551?
5
What is the thousands digit of 4737232?
7
What is the ten thousands digit of 564462?
6
What is the tens digit of 3258864?
6
What is the millions digit of 18323731?
8
What is the ten thousands digit of 517778?
1
What is the hundreds digit of 454831?
8
What is the hundreds digit of 5369166?
1
What is the millions digit of 1042452?
1
What is the hundred thousands digit of 1885347?
8
What is the hundred thousands digit of 383668?
3
What is the thousands digit of 30450548?
0
What is the hundred thousands digit of 126070?
1
What is the thousands digit of 2812946?
2
What is the hundred thousands digit of 12463042?
4
What is the hundreds digit of 5256326?
3
What is the units digit of 4532666?
6
What is the thousands digit of 276413?
6
What is the hundreds digit of 2358199?
1
What is the ten thousands digit of 325087?
2
What is the hundreds digit of 1820026?
0
What is the hundreds digit of 10159297?
2
What is the ten thousands digit of 5476234?
7
What is the thousands digit of 234050?
4
What is the units digit of 180592?
2
What is the ten thousands digit of 1229511?
2
What is the hundred thousands digit of 13419146?
4
What is the hundred thousands digit of 159881?
1
What is the hundred thousands digit of 623503?
6
What is the ten thousands digit of 403478?
0
What is the millions digit of 6328830?
6
What is the ten thousands digit of 243299?
4
What is the hundreds digit of 43069?
0
What is the ten thousands digit of 1150937?
5
What is the tens digit of 1628727?
2
What is the millions digit of 17900042?
7
What is the ten thousands digit of 2424942?
2
What is the ten thousands digit of 413627?
1
What is the thousands digit of 5379010?
9
What is the hundreds digit of 2527896?
8
What is the tens digit of 885455?
5
What is the ten thousands digit of 101039?
0
What is the hundred thousands digit of 717556?
7
What is the tens digit of 117747?
4
What is the tens digit of 790995?
9
What is the units digit of 107769?
9
What is the units digit of 245407?
7
What is the hundred thousands digit of 2027684?
0
What is the millions digit of 11762833?
1
What is the hundred thousands digit of 444284?
4
What is the ten thousands digit of 2618758?
1
What is the ten thousands digit of 10802193?
0
What is the thousands digit of 3862524?
2
What is the thousands digit of 58362?
8
What is the tens digit of 79699?
9
What is the tens digit of 32581?
8
What is the thousands digit of 3523374?
3
What is the tens digit of 6485190?
9
What is the units digit of 12298?
8
What is the millions digit of 14887873?
4
What is the millions digit of 8359481?
8
What is the units digit of 1651962?
2
What is the ten thousands digit of 876080?
7
What is the millions digit of 1695404?
1
What is the units digit of 38544?
4
What is the hundred thousands digit of 2218632?
2
What is the ten thousands digit of 82606?
8
What is the thousands digit of 41005128?
5
What is the tens digit of 57544?
4
What is the ten thousands digit of 118204?
1
What is the tens digit of 873985?
8
What is the thousands digit of 6672331?
2
What is the millions digit of 1012157?
1
What is the hundred thousands digit of 5456366?
4
What is the hundred thousands digit of 2324175?
3
What is the millions digit of 4432335?
4
What is the hundreds digit of 5203167?
1
What is the tens digit of 5529160?
6
What is the hundred thousands digit of 1940324?
9
What is the units digit of 36063?
3
What is the hundreds digit of 31261235?
2
What is the millions digit of 2182710?
2
What is the hundred thousands digit of 734046?
7
What is the hundreds digit of 8513820?
8
What is the ten thousands digit of 98362?
9
What is the tens digit of 409843?
4
What is the hundreds digit of 122395?
3
What is the hundred thousands digit of 7515337?
5
What is the units digit of 990103?
3
What is the tens digit of 251185?
8
What is the units digit of 147546?
6
What is the ten thousands digit of 4418850?
1
What is the units digit of 125510?
0
What is the hundred thousands digit of 3440305?
4
What is the hundreds digit of 283242?
2
What is the units digit of 2667835?
5
What is the thousands digit of 4654685?
4
What is the units digit of 83894?
4
What is the thousands digit of 427520?
7
What is the hundreds digit of 708191?
1
What is the tens digit of 479880?
8
What is the tens digit of 2011381?
8
What is the ten thousands digit of 748200?
4
What is the hundred thousands digit of 4304101?
3
What is the ten thousands digit of 1358296?
5
What is the hundred thousands digit of 8346770?
3
What is the millions digit of 2614124?
2
What is the tens digit of 68375?
7
What is the ten thousands digit of 3759040?
5
What is the millions digit of 1099948?
1
What is the thousands digit of 393485?
3
What is the hundred thousands digit of 1085093?
0
What is the hundred thousands digit of 676348?
6
What is the hundreds digit of 209774?
7
What is the hundred thousands digit of 448047?
4
What is the ten millions digit of 26202954?
2
What is the hundred thousands digit of 327656?
3
What is the units digit of 998299?
9
What is the hundred thousands digit of 591268?
5
What is the hundred thousands digit of 308512?
3
What is the thousands digit of 27321030?
1
What is the tens digit of 511732?
3
What is the tens digit of 8748653?
5
What is the hundreds digit of 56259?
2
What is the tens digit of 17299962?
6
What is the hundreds digit of 662953?
9
What is the thousands digit of 71644?
1
What is the ten thousands digit of 1119781?
1
What is the units digit of 145980?
0
What is the units digit of 7916523?
3
What is the ten millions digit of 22225102?
2
What is the tens digit of 579190?
9
What is the tens digit of 2366789?
8
What is the thousands digit of 2129033?
9
What is the hundred thousands digit of 5741381?
7
What is the tens digit of 2353369?
6
What is the ten thousands digit of 1025090?
2
What is the hundred thousands digit of 2219605?
2
What is the hundreds digit of 907520?
5
What is the millions digit of 8365728?
8
What is the millions digit of 10005173?
0
What is the hundreds digit of 5171?
1
What is the units digit of 1525616?
6
What is the units digit of 29390?
0
What is the ten thousands digit of 201392?
0
What is the tens digit of 18933560?
6
What is the thousands digit of 12632?
2
What is the hundreds digit of 5253027?
0
What is the thousands digit of 95066?
5
What is the tens digit of 162703?
0
What is the hundred thousands digit of 12654344?
6
What is the thousands digit of 7379335?
9
What is the millions digit of 2463992?
2
What is the hundreds digit of 1482141?
1
What is the hundreds digit of 590662?
6
What is the ten thousands digit of 1765455?
6
What is the ten thousands digit of 161678?
6
What is the units digit of 35198?
8
What is the ten millions digit of 16349072?
1
What is the hundreds digit of 11376704?
7
What is the thousands digit of 10704755?
4
What is the tens digit of 2058647?
4
What is the hundreds digit of 405422?
4
What is the thousands digit of 301906?
1
What is the hundred thousands digit of 6280990?
2
What is the hundreds digit of 113870?
8
What is the tens digit of 758361?
6
What is the units digit of 1917567?
7
What is the hundreds digit of 1968262?
2
What is the thousands digit of 30136221?
6
What is the units digit of 94813?
3
What is the units digit of 59442?
2
What is the units digit of 1053296?
6
What is the thousands digit of 1077404?
7
What is the hundred thousands digit of 658689?
6
What is the ten thousands digit of 6817663?
1
What is the units digit of 1165905?
5
What is the ten thousands digit of 2937267?
3
What is the hundred thousands digit of 567288?
5
What is the hundreds digit of 34427?
4
What is the ten thousands digit of 9535392?
3
What i